{"id":40,"date":"2013-09-27T18:07:14","date_gmt":"2013-09-27T16:07:14","guid":{"rendered":"https:\/\/www.ghs-berlin.de\/?page_id=40"},"modified":"2020-10-17T17:30:40","modified_gmt":"2020-10-17T15:30:40","slug":"schulprofil","status":"publish","type":"page","link":"https:\/\/www.ghs-berlin.de\/?page_id=40","title":{"rendered":"Schulprofil"},"content":{"rendered":"[et_pb_section fb_built=&#8220;1&#8243; _builder_version=&#8220;3.22&#8243;][et_pb_row _builder_version=&#8220;3.25&#8243; background_size=&#8220;initial&#8220; background_position=&#8220;top_left&#8220; background_repeat=&#8220;repeat&#8220; column_structure=&#8220;1_3,1_3,1_3&#8243;][et_pb_column type=&#8220;1_3&#8243; _builder_version=&#8220;3.25&#8243; custom_padding=&#8220;|||&#8220; custom_padding__hover=&#8220;|||&#8220;][et_pb_image src=&#8220;https:\/\/www.ghs-berlin.de\/wp-content\/uploads\/2017\/09\/M3_L7836a.jpg&#8220; align_tablet=&#8220;center&#8220; align_last_edited=&#8220;on|desktop&#8220; _builder_version=&#8220;3.23&#8243; always_center_on_mobile=&#8220;on&#8220;][\/et_pb_image][\/et_pb_column][et_pb_column type=&#8220;1_3&#8243; _builder_version=&#8220;3.25&#8243; custom_padding=&#8220;|||&#8220; custom_padding__hover=&#8220;|||&#8220;][et_pb_image src=&#8220;https:\/\/www.ghs-berlin.de\/wp-content\/uploads\/2013\/09\/DSC01718.jpg&#8220; align_tablet=&#8220;center&#8220; align_last_edited=&#8220;on|desktop&#8220; _builder_version=&#8220;3.23&#8243;][\/et_pb_image][\/et_pb_column][et_pb_column type=&#8220;1_3&#8243; _builder_version=&#8220;3.25&#8243; custom_padding=&#8220;|||&#8220; custom_padding__hover=&#8220;|||&#8220;][et_pb_image src=&#8220;https:\/\/www.ghs-berlin.de\/wp-content\/uploads\/2017\/12\/collage-geb\u00e4ude-2.jpg&#8220; align_tablet=&#8220;center&#8220; align_last_edited=&#8220;on|desktop&#8220; _builder_version=&#8220;3.23&#8243; always_center_on_mobile=&#8220;on&#8220;][\/et_pb_image][\/et_pb_column][\/et_pb_row][et_pb_row _builder_version=&#8220;3.25&#8243; background_size=&#8220;initial&#8220; background_position=&#8220;top_left&#8220; background_repeat=&#8220;repeat&#8220;][et_pb_column type=&#8220;4_4&#8243; _builder_version=&#8220;3.25&#8243; custom_padding=&#8220;|||&#8220; custom_padding__hover=&#8220;|||&#8220;][et_pb_button button_url=&#8220;https:\/\/www.ghs-berlin.de\/wp-content\/uploads\/2018\/08\/Schulprofil-und-Rahmenbedingungen-4.pdf&#8220; url_new_window=&#8220;on&#8220; button_text=&#8220;Schulprofil und Rahmenbedingungen&#8220; button_alignment=&#8220;center&#8220; _builder_version=&#8220;3.16&#8243; box_shadow_style=&#8220;preset1&#8243; button_text_size__hover_enabled=&#8220;off&#8220; button_one_text_size__hover_enabled=&#8220;off&#8220; button_two_text_size__hover_enabled=&#8220;off&#8220; button_text_color__hover_enabled=&#8220;off&#8220; button_one_text_color__hover_enabled=&#8220;off&#8220; button_two_text_color__hover_enabled=&#8220;off&#8220; button_border_width__hover_enabled=&#8220;off&#8220; button_one_border_width__hover_enabled=&#8220;off&#8220; button_two_border_width__hover_enabled=&#8220;off&#8220; button_border_color__hover_enabled=&#8220;off&#8220; button_one_border_color__hover_enabled=&#8220;off&#8220; button_two_border_color__hover_enabled=&#8220;off&#8220; button_border_radius__hover_enabled=&#8220;off&#8220; button_one_border_radius__hover_enabled=&#8220;off&#8220; button_two_border_radius__hover_enabled=&#8220;off&#8220; button_letter_spacing__hover_enabled=&#8220;off&#8220; button_one_letter_spacing__hover_enabled=&#8220;off&#8220; button_two_letter_spacing__hover_enabled=&#8220;off&#8220; button_bg_color__hover_enabled=&#8220;off&#8220; button_one_bg_color__hover_enabled=&#8220;off&#8220; button_two_bg_color__hover_enabled=&#8220;off&#8220;][\/et_pb_button][et_pb_text _builder_version=&#8220;4.6.5&#8243; hover_enabled=&#8220;0&#8243; sticky_enabled=&#8220;0&#8243;]\n<p style=\"text-align: justify;\">Unsere Schule befindet sich in einer der landschaftlich sch\u00f6nsten und reizvollsten Berliner Regionen, in Treptow\/K\u00f6penick, nahe am M\u00fcggelsee. Zur Zeit lernen ca. 650 Sch\u00fcler hier. Ca. 50 Lehrer wirken an dieser Ausbildungsst\u00e4tte.<\/p>\n<p style=\"text-align: justify;\"><strong><span style=\"text-decoration: underline;\">Das Unterrichtsangebot <\/span><\/strong><br \/>In den <b>Klassen 7 und 8<\/b> wird der Unterricht ausschlie\u00dflich im Klassenverband erteilt. F\u00e4cher sind: Deutsch, Mathematik, erste und zweite Fremdsprache, Musik, Bildende Kunst, Geschichte, Erdkunde, Sport, Biologie, Chemie, Physik, Medien und fakultativ Religion.\u00a0 Der Unterricht in den <b>Klassen 9 und 10<\/b> wird in den zuvor aufgez\u00e4hlten F\u00e4chern fortgesetzt. Hinzu kommt 4 Stunden Unterricht in einem Wahlpflichtfach. Hier muss zwischen einer dritten Fremdsprache oder zwei anderen F\u00e4chern gew\u00e4hlt werden. Wer in Klasse 9 Latein als dritte Fremdsprache w\u00e4hlt und den Unterricht ohne Unterbrechung besucht, kann das <b>Latinum<\/b> erwerben. Am Ende der zehnten Klasse werden <b>Pr\u00fcfungen zum mittleren Schulabschluss<\/b> abgelegt. Dieser ist neben den Jahresleistungen Voraussetzung f\u00fcr den \u00dcbergang in die gymnasiale Oberstufe.<\/p>\n<p style=\"text-align: justify;\">Mit dem Eintritt in die gymnasiale Oberstufe wird der Unterricht im Klassenverband durch ein Kurssystem abgel\u00f6st. Die F\u00e4cher bleiben erhalten. Es m\u00fcssen Schwerpunkte durch die Wahl von zwei Leistungsf\u00e4chern gesetzt werden. <b>Leistungsf\u00e4cher<\/b> k\u00f6nnen sein: die modernen Fremdsprachen, Deutsch, Mathematik, Musik, Bildende Kunst, Politikwissenschaft, Geschichte, Erdkunde, alle drei Naturwissenschaften und Informatik.<\/p>\n<p style=\"text-align: justify;\"><strong><span style=\"text-decoration: underline;\">Fremdsprachen an unserer Schule<\/span><\/strong><br \/>1. Fremdsprache: Englisch<br \/>2. Fremdsprache: Franz\u00f6sisch oder Spanisch<br \/>3. Fremdsprache: Latein, Franz\u00f6sisch oder Spanisch<\/p>\n<p style=\"text-align: justify;\"><strong><span style=\"text-decoration: underline;\">Die neuen 7. Klassen<\/span><\/strong><br \/>Zur F\u00f6rderung der Lerntechniken der einzelnen Sch\u00fcler f\u00fchren wir mit den neuen 7. Klassen ein Methodentraining durch. In der 8. Klasse folgt dann ein Kommunikationstraining. F\u00fcr die Sch\u00fcler der 7. Klassen wird ein gezielter zus\u00e4tzlicher F\u00f6rderunterricht in Deutsch, Mathematik und den Fremdsprachen durch erfahrene Lehrer angeboten.<\/p>\n<p style=\"text-align: justify;\"><strong><span style=\"text-decoration: underline;\">Auslandsaufenthalte <\/span><\/strong><br \/>Eine Sprache nicht nur in der Schule lernen! Dorthin fahren, wo man sie spricht! Fremde Sprachen lernen, andere Menschen kennen lernen, damit wir uns nicht mehr fremd sind! Die Schule unterh\u00e4lt eine Schulpartnerschaft nach Frankreich und Spanien. Hier besuchen sich zwei Sch\u00fclergruppen bei einer Hin- und R\u00fcckreise innerhalb eines Schuljahres gegenseitig. Man lebt f\u00fcr zwei Wochen in der Familie des Gastgebers, besucht die Schule und lernt seine Nachbarn kennen. Individuelle Formen reichen von mehrw\u00f6chigen Reisen mit Gegenbesuch (Voltaire-Programm) bis zur Reise f\u00fcr ein ganzes, auch ein halbes, Jahr in ein anderes Land der Erde.<\/p>\n<p style=\"text-align: justify;\"><strong><span style=\"text-decoration: underline;\">Und was gibt es noch au\u00dfer dem Unterricht ?<br \/><\/span><\/strong>Die Ch\u00f6re, die Big Band, die Auff\u00fchrungen in der Aula, den Freizeitsport, vielf\u00e4ltige Arbeitsgemeinschaften, die Wandertage, die Sportfeste und die Klassenreisen. Das warme Mittagessen in der neuen Mensa, ein Betriebspraktikum in Klasse 9, Sch\u00fclerwettbewerbe (z. B. K\u00e4nguru, Geographie Wissen) sowie vielf\u00e4ltige Projekte und Exkursionen.<\/p>\n[\/et_pb_text][\/et_pb_column][\/et_pb_row][\/et_pb_section]\n","protected":false},"excerpt":{"rendered":"<p>Unsere Schule befindet sich in einer der landschaftlich sch\u00f6nsten und reizvollsten Berliner Regionen, in Treptow\/K\u00f6penick, nahe am M\u00fcggelsee. Zur Zeit lernen ca. 650 Sch\u00fcler hier. Ca. 50 Lehrer wirken an dieser Ausbildungsst\u00e4tte. Das Unterrichtsangebot In den Klassen 7 und 8 wird der Unterricht ausschlie\u00dflich im Klassenverband erteilt. F\u00e4cher sind: Deutsch, Mathematik, erste und zweite Fremdsprache, [&hellip;]<\/p>\n","protected":false},"author":1,"featured_media":0,"parent":10,"menu_order":0,"comment_status":"closed","ping_status":"open","template":"","meta":{"_et_pb_use_builder":"on","_et_pb_old_content":"<p style=\"text-align: justify;\"><a href=\"https:\/\/www.ghs-berlin.de\/wp-content\/uploads\/2013\/09\/DSC01718.jpg\"><img class=\"alignleft size-medium wp-image-451\" src=\"https:\/\/www.ghs-berlin.de\/wp-content\/uploads\/2013\/09\/DSC01718-300x200.jpg\" alt=\"SONY DSC\" width=\"300\" height=\"200\" \/><\/a>Unsere Schule befindet sich in einer der landschaftlich sch\u00f6nsten und reizvollsten Berliner Regionen, in Treptow\/K\u00f6penick, nahe am M\u00fcggelsee. Zur Zeit lernen ca. 650 Sch\u00fcler hier. Ca. 50 Lehrer wirken an dieser Ausbildungsst\u00e4tte.<\/p><p style=\"text-align: justify;\"><strong><span style=\"text-decoration: underline;\">Das Unterrichtsangebot <\/span><\/strong><br \/> In den <b>Klassen 7 und 8<\/b> wird der Unterricht ausschlie\u00dflich im Klassenverband erteilt. F\u00e4cher sind: Deutsch, Mathematik, erste und zweite Fremdsprache, Musik, Bildende Kunst, Geschichte, Erdkunde, Sport, Biologie, Chemie, Physik, Medien und fakultativ Religion.\u00a0 Der Unterricht in den <b>Klassen 9 und 10<\/b> wird in den zuvor aufgez\u00e4hlten F\u00e4chern fortgesetzt. Hinzu kommt 4 Stunden Unterricht in einem Wahlpflichtfach. Hier muss zwischen einer dritten Fremdsprache oder zwei anderen F\u00e4chern gew\u00e4hlt werden. Wer in Klasse 9 Latein als dritte Fremdsprache w\u00e4hlt und den Unterricht ohne Unterbrechung besucht, kann das <b>Latinum<\/b> erwerben. Am Ende der zehnten Klasse werden <b>Pr\u00fcfungen zum mittleren Schulabschluss<\/b> abgelegt. Dieser ist neben den Jahresleistungen Voraussetzung f\u00fcr den \u00dcbergang in die gymnasiale Oberstufe.<\/p><p style=\"text-align: justify;\">Mit dem Eintritt in die gymnasiale Oberstufe wird der Unterricht im Klassenverband durch ein Kurssystem abgel\u00f6st. Die F\u00e4cher bleiben erhalten. Es m\u00fcssen Schwerpunkte durch die Wahl von zwei Leistungsf\u00e4chern gesetzt werden. <b>Leistungsf\u00e4cher<\/b> k\u00f6nnen sein: die modernen Fremdsprachen, Deutsch, Mathematik, Musik, Bildende Kunst, Politikwissenschaft, Geschichte, Erdkunde, alle drei Naturwissenschaften und Informatik.<\/p><p style=\"text-align: justify;\"><strong><span style=\"text-decoration: underline;\">Fremdsprachen an unserer Schule<\/span><\/strong><br \/> 1. Fremdsprache: Englisch<br \/> 2. Fremdsprache: Franz\u00f6sisch oder Spanisch<br \/> 3. Fremdsprache: Latein, Franz\u00f6sisch oder Spanisch<\/p><p style=\"text-align: justify;\"><strong><span style=\"text-decoration: underline;\">Die neuen 7. Klassen<\/span><\/strong><br \/> Zur F\u00f6rderung der Lerntechniken der einzelnen Sch\u00fcler f\u00fchren wir mit den neuen 7. Klassen ein Methodentraining durch. In der 8. Klasse folgt dann ein Kommunikationstraining. F\u00fcr die Sch\u00fcler der 7. Klassen wird ein gezielter zus\u00e4tzlicher F\u00f6rderunterricht in Deutsch, Mathematik und den Fremdsprachen durch erfahrene Lehrer angeboten.<\/p><p style=\"text-align: justify;\"><strong><span style=\"text-decoration: underline;\">Auslandsaufenthalte <\/span><\/strong><br \/> Eine Sprache nicht nur in der Schule lernen! Dorthin fahren, wo man sie spricht! Fremde Sprachen lernen, andere Menschen kennen lernen, damit wir uns nicht mehr fremd sind! Die Schule unterh\u00e4lt eine Schulpartnerschaft nach Frankreich und Spanien. Hier besuchen sich zwei Sch\u00fclergruppen bei einer Hin- und R\u00fcckreise innerhalb eines Schuljahres gegenseitig. Man lebt f\u00fcr zwei Wochen in der Familie des Gastgebers, besucht die Schule und lernt seine Nachbarn kennen. Individuelle Formen reichen von mehrw\u00f6chigen Reisen mit Gegenbesuch (Voltaire-Programm) bis zur Reise f\u00fcr ein ganzes, auch ein halbes, Jahr in ein anderes Land der Erde.<\/p><p style=\"text-align: justify;\"><strong><span style=\"text-decoration: underline;\">Und was gibt es noch au\u00dfer dem Unterricht ?<\/span><\/strong><\/p><p style=\"text-align: justify;\">Die Ch\u00f6re, die Big Band, die Auff\u00fchrungen in der Aula, den Freizeitsport, vielf\u00e4ltige Arbeitsgemeinschaften, die Wandertage, die Sportfeste und die Klassenreisen. Das warme Mittagessen in der neuen Mensa, ein Betriebspraktikum in Klasse 9, Sch\u00fclerwettbewerbe (z. B. K\u00e4nguru, Geographie Wissen) sowie vielf\u00e4ltige Projekte und Exkursionen.<\/p><p style=\"text-align: center;\">[symple_button color=\"green\" url=\"https:\/\/www.ghs-berlin.de\/wp-content\/uploads\/2013\/09\/130812_GHSProfil.pdf\" title=\"Download\" target=\"blank\" border_radius=\"\"]Schulprofil und Rahmenbedingungen[\/symple_button]<\/p>","_et_gb_content_width":"","jetpack_post_was_ever_published":false,"footnotes":""},"class_list":["post-40","page","type-page","status-publish","hentry"],"jetpack_shortlink":"https:\/\/wp.me\/P414Io-E","jetpack_sharing_enabled":true,"_links":{"self":[{"href":"https:\/\/www.ghs-berlin.de\/index.php?rest_route=\/wp\/v2\/pages\/40","targetHints":{"allow":["GET"]}}],"collection":[{"href":"https:\/\/www.ghs-berlin.de\/index.php?rest_route=\/wp\/v2\/pages"}],"about":[{"href":"https:\/\/www.ghs-berlin.de\/index.php?rest_route=\/wp\/v2\/types\/page"}],"author":[{"embeddable":true,"href":"https:\/\/www.ghs-berlin.de\/index.php?rest_route=\/wp\/v2\/users\/1"}],"replies":[{"embeddable":true,"href":"https:\/\/www.ghs-berlin.de\/index.php?rest_route=%2Fwp%2Fv2%2Fcomments&post=40"}],"version-history":[{"count":53,"href":"https:\/\/www.ghs-berlin.de\/index.php?rest_route=\/wp\/v2\/pages\/40\/revisions"}],"predecessor-version":[{"id":10074,"href":"https:\/\/www.ghs-berlin.de\/index.php?rest_route=\/wp\/v2\/pages\/40\/revisions\/10074"}],"up":[{"embeddable":true,"href":"https:\/\/www.ghs-berlin.de\/index.php?rest_route=\/wp\/v2\/pages\/10"}],"wp:attachment":[{"href":"https:\/\/www.ghs-berlin.de\/index.php?rest_route=%2Fwp%2Fv2%2Fmedia&parent=40"}],"curies":[{"name":"wp","href":"https:\/\/api.w.org\/{rel}","templated":true}]}}