{"id":54,"date":"2013-09-27T18:18:10","date_gmt":"2013-09-27T16:18:10","guid":{"rendered":"https:\/\/www.ghs-berlin.de\/?page_id=54"},"modified":"2022-09-11T13:26:35","modified_gmt":"2022-09-11T11:26:35","slug":"abiturlaufbahn","status":"publish","type":"page","link":"https:\/\/www.ghs-berlin.de\/?page_id=54","title":{"rendered":"Abiturlaufbahn"},"content":{"rendered":"[et_pb_section fb_built=&#8220;1&#8243; _builder_version=&#8220;4.16&#8243; background_image=&#8220;https:\/\/www.ghs-berlin.de\/wp-content\/uploads\/2017\/12\/ghs_schule_full.jpg&#8220; custom_padding=&#8220;||230px|&#8220; global_colors_info=&#8220;{}&#8220;][et_pb_row _builder_version=&#8220;4.16&#8243; background_size=&#8220;initial&#8220; background_position=&#8220;top_left&#8220; background_repeat=&#8220;repeat&#8220; global_colors_info=&#8220;{}&#8220;][et_pb_column type=&#8220;4_4&#8243; _builder_version=&#8220;4.16&#8243; custom_padding=&#8220;|||&#8220; global_colors_info=&#8220;{}&#8220; custom_padding__hover=&#8220;|||&#8220;][\/et_pb_column][\/et_pb_row][\/et_pb_section][et_pb_section fb_built=&#8220;1&#8243; _builder_version=&#8220;4.16&#8243; global_colors_info=&#8220;{}&#8220;][et_pb_row _builder_version=&#8220;4.16&#8243; background_size=&#8220;initial&#8220; background_position=&#8220;top_left&#8220; background_repeat=&#8220;repeat&#8220; global_colors_info=&#8220;{}&#8220;][et_pb_column type=&#8220;4_4&#8243; _builder_version=&#8220;4.16&#8243; custom_padding=&#8220;|||&#8220; global_colors_info=&#8220;{}&#8220; custom_padding__hover=&#8220;|||&#8220;][et_pb_text admin_label=&#8220;Headline |Beitragstitel&#8220; _builder_version=&#8220;4.18.0&#8243; global_colors_info=&#8220;{}&#8220;]\n<h1 style=\"text-align: center;\">Pr\u00fcfungszeitraum 2022\/2023<\/h1>\n[\/et_pb_text][\/et_pb_column][\/et_pb_row][et_pb_row _builder_version=&#8220;4.16&#8243; background_size=&#8220;initial&#8220; background_position=&#8220;top_left&#8220; background_repeat=&#8220;repeat&#8220; global_colors_info=&#8220;{}&#8220;][et_pb_column type=&#8220;4_4&#8243; _builder_version=&#8220;4.16&#8243; custom_padding=&#8220;|||&#8220; global_colors_info=&#8220;{}&#8220; custom_padding__hover=&#8220;|||&#8220;][et_pb_text _builder_version=&#8220;4.18.0&#8243; _module_preset=&#8220;default&#8220; hover_enabled=&#8220;0&#8243; global_colors_info=&#8220;{}&#8220; sticky_enabled=&#8220;0&#8243;]\n<p style=\"text-align: center;\">Alle Informationen zu den aktuellen Abiturpr\u00fcfungspl\u00e4nen sind im Lernraum der GHS f\u00fcr unsere Sch\u00fclerinnen und Sch\u00fcler hinterlegt.<\/p>\n<p style=\"text-align: center;\"><span style=\"color: #00ccff;\"><a style=\"color: #00ccff;\" href=\"https:\/\/login.lernraum-berlin.de\/auth\/realms\/lernraum\/protocol\/openid-connect\/auth?response_type=code&amp;client_id=moodle-portal&amp;scope=openid%20profile%20email&amp;nonce=N631dc5557c5b8&amp;response_mode=form_post&amp;resource=https%3A%2F%2Flogin.lernraum-berlin.de%2Fauth%2Frealms%2Flernraum&amp;state=E00vE7binHXSu6r&amp;redirect_uri=https%3A%2F%2Fportal.lernraum-berlin.de%2Fmoodle%2Fauth%2Foidc%2F\">Lernraum Berlin<\/a><\/span><\/p>\n[\/et_pb_text][\/et_pb_column][\/et_pb_row][\/et_pb_section]\n","protected":false},"excerpt":{"rendered":"<p>Pr\u00fcfungszeitraum 2022\/2023Alle Informationen zu den aktuellen Abiturpr\u00fcfungspl\u00e4nen sind im Lernraum der GHS f\u00fcr unsere Sch\u00fclerinnen und Sch\u00fcler hinterlegt. Lernraum Berlin<\/p>\n","protected":false},"author":1,"featured_media":0,"parent":52,"menu_order":0,"comment_status":"closed","ping_status":"open","template":"","meta":{"_et_pb_use_builder":"on","_et_pb_old_content":"<p style=\"text-align: center;\">[symple_button color=\"green\" url=\"https:\/\/www.ghs-berlin.de\/wp-content\/uploads\/2013\/09\/Abitermine-1718sch\u00fcler.pdf\" title=\"Download\" target=\"blank\" border_radius=\"\"]GHS- Abiturplan 2017\/2018[\/symple_button] [symple_button color=\"green\" url=\"https:\/\/www.ghs-berlin.de\/wp-content\/uploads\/2013\/09\/pruefungsplan_2018.pdf\" title=\"Download\" target=\"blank\" border_radius=\"\"]Zentrale Pr\u00fcfungstermine 2018[\/symple_button]<\/p><p>\u00a0<\/p>","_et_gb_content_width":"","jetpack_post_was_ever_published":false,"footnotes":""},"class_list":["post-54","page","type-page","status-publish","hentry"],"jetpack_shortlink":"https:\/\/wp.me\/P414Io-S","jetpack_sharing_enabled":true,"_links":{"self":[{"href":"https:\/\/www.ghs-berlin.de\/index.php?rest_route=\/wp\/v2\/pages\/54","targetHints":{"allow":["GET"]}}],"collection":[{"href":"https:\/\/www.ghs-berlin.de\/index.php?rest_route=\/wp\/v2\/pages"}],"about":[{"href":"https:\/\/www.ghs-berlin.de\/index.php?rest_route=\/wp\/v2\/types\/page"}],"author":[{"embeddable":true,"href":"https:\/\/www.ghs-berlin.de\/index.php?rest_route=\/wp\/v2\/users\/1"}],"replies":[{"embeddable":true,"href":"https:\/\/www.ghs-berlin.de\/index.php?rest_route=%2Fwp%2Fv2%2Fcomments&post=54"}],"version-history":[{"count":34,"href":"https:\/\/www.ghs-berlin.de\/index.php?rest_route=\/wp\/v2\/pages\/54\/revisions"}],"predecessor-version":[{"id":11987,"href":"https:\/\/www.ghs-berlin.de\/index.php?rest_route=\/wp\/v2\/pages\/54\/revisions\/11987"}],"up":[{"embeddable":true,"href":"https:\/\/www.ghs-berlin.de\/index.php?rest_route=\/wp\/v2\/pages\/52"}],"wp:attachment":[{"href":"https:\/\/www.ghs-berlin.de\/index.php?rest_route=%2Fwp%2Fv2%2Fmedia&parent=54"}],"curies":[{"name":"wp","href":"https:\/\/api.w.org\/{rel}","templated":true}]}}